 z = 3 + 58. Suppose 2*t + 6*r - 3*r - z = 0, t + 2*r = 33. List the prime factors of t.
23
Suppose -31*x + 28 = 307. Suppose -8*a + 85 = -3*a. Let o = a - x. What are the prime factors of o?
2, 13
Let y = 3114 - 1305. List the prime factors of y.
3, 67
Let r = 47 - 43. Suppose 3*y = -r*y + 245. List the prime factors of y.
5, 7
Suppose -3*u + 5*p = -u - 229, 333 = 3*u - 4*p. Suppose 110*k - 585 = u*k. List the prime factors of k.
3, 5, 13
Let q = 785 - 363. List the prime factors of q.
2, 211
Suppose 0 = -5*p - 5*q + 1800, 0*q = 4*p + q - 1443. What are the prime factors of p?
19
Let a(h) be the third derivative of 0*h + h**2 + 0 - 1/120*h**6 + 2/3*h**3 + 0*h**4 + 1/15*h**5. What are the prime factors of a(3)?
13
List the prime factors of (-1438)/(-8) - ((-1)/4 + 0).
2, 3, 5
Let k(p) = -p**2 - 14*p - 14. Let f be k(-16). Let r = f - -83. Suppose -3*a = 4 - r. List the prime factors of a.
11
Let b = -67 + 385. Suppose -2*g + 2*z = -b, -g + 787 = 4*g + 3*z. List the prime factors of g.
2, 79
Let g(z) be the first derivative of -z**5/60 + 5*z**4/8 - 8*z**3/3 + 2*z**2 - 4. Let s(x) be the second derivative of g(x). List the prime factors of s(13).
2, 5
Let z = 117 + 6. Suppose -12 = -l - 2*l. Suppose -l*u + u = -z. What are the prime factors of u?
41
Let y(p) = -p**3 - p**2 + 3*p - 2. Let k be y(1). What are the prime factors of (1660/18 - k) + 28/(-126)?
3, 31
Let d = 4511 + -1949. List the prime factors of d.
2, 3, 7, 61
Let l(w) = 13*w + 7. Let g(h) = -28*h - 14. Let u(j) = 6*g(j) + 13*l(j). Let r = 14 + -8. What are the prime factors of u(r)?
13
Let t(k) = -k**3 + 5*k**2 - 6*k + 4. Let z be t(3). Suppose -232 = -z*p + 4*q, -3*p + 0*p - 3*q = -186. List the prime factors of p.
2, 3, 5
Let u(a) = 19*a**3 - 3*a**2 + 3*a - 21. What are the prime factors of u(4)?
19, 61
Let d(u) = -3*u**2 - u + 1. Let g be d(4). Let c = -3 - g. Suppose 6*h = 2*h + c. List the prime factors of h.
2, 3
Let j(x) = -6*x - 19. Let z(c) = -7*c - 20. Let u(n) = 3*j(n) - 2*z(n). List the prime factors of u(-8).
3, 5
Let x(s) = 3*s**3 + 10*s**2 + 4*s - 7. Let o be x(-5). Let m = o - -215. What are the prime factors of ((-108)/m)/(1/(-28))?
2, 3
Suppose k - 36 = -2*k. Let t = k + -24. Let s(x) = -2*x - 7. List the prime factors of s(t).
17
Let a(y) = -9*y**3 - 3*y**2 - 3*y - 1. Suppose 0 = 5*m - d + 8, 5*m + 0*d = 2*d - 6. List the prime factors of a(m).
5, 13
Suppose 0 = 2*d + 6, 2*d + 15 = 3*z - 0*z. Suppose 4*r = 0, -r - r = z*j - 354. What are the prime factors of j?
2, 59
Let j(g) = 3*g**2 + 2*g. Let m = 7 + -3. Let q be j(m). Suppose -2*l + q = -0*l. List the prime factors of l.
2, 7
Let q be (0 - 1)/((-9)/(-2430)). What are the prime factors of (-26)/(-221) - q/17?
2
Let r(t) = 2*t**2 + 12*t - 191. List the prime factors of r(-29).
3, 127
Let p(v) = -8*v**3 + v**2 - 5*v - 3. Let s be p(-3). Let m = -105 + s. What are the prime factors of m?
2, 3, 11
Let p be (-40)/22 + 2 - 6464/(-22). Let k = -129 + p. What are the prime factors of k?
3, 5, 11
Suppose 3*n = -4*t + 12550, 2*n = 47*t - 46*t + 8352. What are the prime factors of n?
2, 2089
Let j be (-2)/10 - 2/(-10). Suppose -5*l - 102 = -2*f, 5*f - l + 86 - 387 = j. What are the prime factors of f?
61
What are the prime factors of (-22)/(-55) + (-2428)/(-5)?
2, 3
Suppose -164 = 3*n - 875. List the prime factors of n.
3, 79
Let y(d) = -d**3 - 5*d**2 - 4*d. Let z be y(-4). Let q = -5 - z. What are the prime factors of (-3 - q)*(-7)/(-2)?
7
Let i be (-18)/4*6/9. Let t(f) be the second derivative of f**4/12 + f**3/2 + 2*f**2 + 3*f. What are the prime factors of t(i)?
2
Let n = 1 + 2. Suppose -5 = -n*h + 4. Suppose h*d + d = 2*g + 112, 0 = -d - 5*g + 6. What are the prime factors of d?
2, 13
List the prime factors of 4/(-5) - (91912/(-40) - 5).
2, 1151
Let z(o) = 47 - o + 55 + 4*o**2 - 30*o**3 - 101 + 2*o. What are the prime factors of z(-1)?
2, 17
Let h be (-597)/15 - 3/15. Let a be ((-16)/h)/(1/70). Let i = 65 - a. What are the prime factors of i?
37
Let d(s) be the first derivative of -2*s**3/3 + s**2 + 3*s + 4. Let a be d(-2). List the prime factors of (15/a)/((-5)/75).
5
Suppose 41*s - 10*s - 105121 = 0. List the prime factors of s.
3391
Suppose 0 = 7*w - 6*w + 2*u - 49, 3*u - 53 = -w. Suppose -5*p + 5 = 0, 0*s - s = -2*p - w. List the prime factors of s.
43
Suppose 0 = -7*c - 1 + 8. List the prime factors of (0/(-5))/c - -37.
37
Suppose 2*r = -2*x + 270, -x + 5*r + 268 - 103 = 0. Suppose 4*s = -s + x. List the prime factors of s.
2, 7
Let t(h) = -4*h + 46. Let d be t(11). Suppose -2*u = -d*k - 550, u + 5*k + 835 = 4*u. List the prime factors of u.
2, 3, 5
List the prime factors of (-2 - (-91)/35)/((-1)/(-5)).
3
Suppose 0 = -2*q + 6*q. Suppose -11*z + 16*z - 20 = q. Suppose 0 = z*n + 2*t - 120, 2*n - 116 = -2*n - 4*t. What are the prime factors of n?
31
Let p = 91 + -70. Suppose p*l = 22*l - 135. What are the prime factors of l?
3, 5
Suppose 0 = -3*v - 0*v - 5*b + 14, 5*b = 4*v - 7. Let k = 1 + v. Suppose k*w - 2*w = 14. What are the prime factors of w?
7
Suppose -3*f + 43 = 2*x, -8 = 2*x - 5*f - 11. List the prime factors of x.
2, 7
Suppose -4*h = 4*y + 1132, 3*y - 4*h + 1071 = 208. Let b = y - -586. What are the prime factors of b?
7, 43
Let q(n) = n + 5. Let t be q(2). Suppose -l + t = -14. List the prime factors of l.
3, 7
Let p(g) = 12*g + 43. List the prime factors of p(19).
271
Suppose 43*h = 95*h - 112424. What are the prime factors of h?
2, 23, 47
Let r(j) = j**3 + j**2 - 3*j - 2. Let f be r(2). Suppose 0 = 4*l - b - 388, 537 - 157 = f*l - 3*b. List the prime factors of l.
2, 7
Let h(i) = -i**2 + i - 26. Let u be h(0). Let p = u + 15. Let m(d) = d**3 + 12*d**2 + 9*d - 9. List the prime factors of m(p).
13
Let q(p) = p**3 + p**2 - 3*p + 1. Let l be q(-3). Let t be l/3*6/(-4). Suppose -3*v + t*g + 61 = 0, 3*v - 92 = 3*g - 32. What are the prime factors of v?
19
Suppose -3*s = -131 - 112. Let d = 369 - 360. List the prime factors of 389/d + (-18)/s.
43
Let t = 20 + -12. Let h be (-1)/3 + t/24. Suppose h = 2*x - 4*x + 24. List the prime factors of x.
2, 3
Suppose -3*h - 4*v - 5 = 0, 4*h - 3*v - 13 = 22. Suppose -h*q - 4 = -6*q. Suppose q*u = 6*u - 12. List the prime factors of u.
2, 3
Suppose 4*s = -2*h + 4, 0 = -4*h + 2*s + 2*s + 44. Let a be (-4)/16 + 34/h. Suppose 2*w + a*c = 46, w = 2*c + 12 - 1. What are the prime factors of w?
17
Let m(c) = -c**2 + 22*c - 18. Let h be m(14). Suppose h - 22 = 2*f. Suppose 0 = z - 20 - f. List the prime factors of z.
2, 7
List the prime factors of (-784)/(-5) - (-120)/100.
2, 79
Let z = 3 - -43. Suppose 3*l + 4*h - 40 = 2*h, -4*l = -h - z. What are the prime factors of l?
2, 3
Let d be -8 + -267 - ((-2)/(-1) - -2). Let p = d - -462. List the prime factors of p.
3, 61
Let o(u) = u**2 - 8. Let q(h) = -h**2 + h. Let t be q(0). Let b be o(t). What are the prime factors of 2/(7/((-644)/b))?
23
Suppose 6*s - 608 = -2186. Let g = -186 - s. List the prime factors of g.
7, 11
Let g be 1/((-10)/3 + (-30)/(-10)). List the prime factors of ((-19)/g - -2)*60/4.
5
Suppose 35 = 2*s + 3*s + 2*q, 4*q = 4*s. Suppose -2*o = 5*i + 3*o - 220, 4*o = s*i - 265. What are the prime factors of i?
7
Let h = -96 - -107. Let b = h + 155. List the prime factors of b.
2, 83
Suppose -4*o + 6*o = 4. List the prime factors of (12/30)/(o/290).
2, 29
Let a = -158 - -259. List the prime factors of a.
101
Let t = 356 - 137. List the prime factors of t.
3, 73
Let l be ((-1)/(-4))/(5/40 + 0). Suppose 0 = -3*c + l*u + 19, -4*c = -c - 4*u - 17. What are the prime factors of c?
7
Suppose -3*i = -2*r + 6872, 23*i - 20*i + 6 = 0. List the prime factors of r.
3433
Let s(d) = d**3 + d + 31. Let n be -3 + 16/4 + -1. List the prime factors of s(n).
31
Suppose 1 + 1 = x. Let r be ((-1)/x)/((-11)/44). Suppose h = -r*h + 174. What are the prime factors of h?
2, 29
Suppose -h = -6*h + 375. Suppose -o + 0*o = 5*b - 67, o = -b + h. What are the prime factors of o?
7, 11
Let d(r) = 2618*r**3 + 4*r**2 - 4*r - 1. What are the prime factors of d(1)?
2617
Let k(i) = i**3 + 20*i**2 - 69*i - 16. List the prime factors of k(-21).
2, 31
Let q = 270 + 14. List the prime factors of q.
2, 71
Suppose -2*p - 24 = -4*y, 2*y = 6*y + 16. What are the prime factors of 4/(p/(-15)) + 171?
2, 3, 29
Let i(s) = 2*s**2 + 9*s - 15. Let c be i(-16). S